00110100110100101
In base 5, what is 13 + -11041001?
-11040433
In base 13, what is a + b9a3?
b9b0
In base 10, what is -11 - -10527?
10516
In base 9, what is -457735 - 0?
-457735
In base 6, what is -13 - 11?
-24
In base 7, what is -10 - -13530?
13520
In base 9, what is -11745 + 2?
-11743
In base 6, what is 1433 + -2355?
-522
In base 2, what is -1010000001110110 - 11000?
-1010000010001110
In base 6, what is -4 - 12431443?
-12431451
In base 6, what is -34154 + -5?
-34203
In base 15, what is -5 + 4896?
4891
In base 14, what is -297ba - 4?
-297c0
In base 2, what is -1110000 + 10000010100?
1110100100
In base 13, what is 1a8 + -1782?
-15a7
In base 11, what is 0 - 10661?
-10661
In base 5, what is -423022 - -103?
-422414
In base 3, what is 12 - -112111100?
112111112
In base 14, what is -7 + -5630?
-5637
In base 14, what is a + -460d?
-4603
In base 14, what is -9 - 853d9?
-85404
In base 9, what is 162 - -13?
175
In base 15, what is -4a + -1112?
-115c
In base 11, what is -3 - 56875?
-56878
In base 3, what is 1122 - -221011001?
221012200
In base 15, what is -4b99e + 4?
-4b99a
In base 12, what is -4 - 15b2?
-15b6
In base 4, what is 3202 + -1113?
2023
In base 5, what is 3111124 + 0?
3111124
In base 7, what is -6 - -355456?
355450
In base 16, what is a18 + 2f?
a47
In base 4, what is 31303333 + 11?
31310010
In base 4, what is -11330132 + -10?
-11330202
In base 4, what is -20213 - -11030?
-3123
In base 12, what is -2 + -74996?
-74998
In base 3, what is -1021020110002 + 21?
-1021020102211
In base 16, what is -4 - 98d?
-991
In base 10, what is -63427 + 3?
-63424
In base 7, what is 1211 - -204?
1415
In base 9, what is 44216 - 0?
44216
In base 6, what is 415 - -20512?
21331
In base 4, what is -1112 + -2000?
-3112
In base 7, what is -3 - 235245?
-235251
In base 11, what is -8 - -40683?
40676
In base 2, what is -1011001110 + -110010001?
-10001011111
In base 16, what is -1397 + d?
-138a
In base 13, what is -b + -30520?
-3052b
In base 14, what is -5b8 - -c3?
-4d5
In base 16, what is 2 + -42b6e?
-42b6c
In base 15, what is -3 - -1506?
1503
In base 7, what is 14 + 1334614?
1334631
In base 14, what is -3 - -75646?
75643
In base 7, what is -1355311 + -4?
-1355315
In base 10, what is 0 + 7166?
7166
In base 6, what is 40 - 350353?
-350313
In base 11, what is -625 + -875?
-139a
In base 15, what is 8b640 + -2?
8b63d
In base 11, what is 4 - 34951a?
-349516
In base 4, what is -20013020 + 3?
-20013011
In base 8, what is -100 - 33575?
-33675
In base 5, what is -21311 - 4?
-21320
In base 12, what is aa + 23?
111
In base 15, what is -b + -30105?
-30111
In base 10, what is 3503 + 1068?
4571
In base 16, what is 8 + -615?
-60d
In base 13, what is -48 + 6949?
6901
In base 13, what is -3b0a - -11?
-3ac9
In base 12, what is 28403 - -2?
28405
In base 10, what is -37949 + -35?
-37984
In base 4, what is 10330033 - -10?
10330103
In base 2, what is -11 + -11000101010101?
-11000101011000
In base 2, what is -1000010011111111010 - -110?
-1000010011111110100
In base 15, what is -149a3 + b?
-14997
In base 12, what is 179 - 28?
151
In base 4, what is 1200 + 11301?
13101
In base 16, what is 83a - 53?
7e7
In base 8, what is 75675 + -6?
75667
In base 6, what is -3000 - -1425?
-1131
In base 5, what is -14404 - -31?
-14323
In base 5, what is -212421 - -21?
-212400
In base 12, what is 1a - -527?
545
In base 7, what is 5 - -141426?
141434
In base 5, what is -1222430 + 4?
-1222421
In base 3, what is -102 + 1120112010?
1120111201
In base 10, what is 10384 - 14?
10370
In base 15, what is 12b84 + -1?
12b83
In base 3, what is 1202000001 + -10?
1201222221
In base 12, what is 6 - 4354?
-434a
In base 16, what is 2b9 + 23c?
4f5
In base 13, what is -3 - -65c48?
65c45
In base 3, what is 1020221 + 11?
1021002
In base 12, what is 173 + -500?
-349
In base 14, what is -93 + 168b?
15d8
In base 11, what is -5 - 2a017?
-2a021
In base 11, what is 0 + -4493?
-4493
In base 10, what is 45 - -32958?
33003
In base 12, what is 2 + 1378?
137a
In base 15, what is -292 - 42?
-2d4
In base 4, what is -1 + 1033312?
1033311
In base 2, what is 1010100111 + -110?
1010100001
In base 16, what is -4 - 1e92?
-1e96
In base 10, what is 74 + -12519?
-12445
In base 7, what is 211264 + -2?
211262
In base 16, what is 0 + -14b8?
-14b8
In base 5, what is -43203 + -10?
-43213
In base 7, what is -1224 - 55240?
-56464
In base 6, what is -131 + -1041?
-1212
In base 7, what is -3 + 1360104?
1360101
In base 11, what is 22aa - -20?
231a
In base 3, what is 12 - 1112202010?
-1112201221
In base 7, what is 40 - 32311?
-32241
In base 7, what is -330002 - -5?
-326664
In base 3, what is 20 - 10121000000?
-10120222210
In base 5, what is -10 - -32433244?
32433234
In base 16, what is -549b - -2?
-5499
In base 2, what is -1 - -11000101101?
11000101100
In base 5, what is 10243330 + -3?
10243322
In base 13, what is 10 + 39b3?
39c3
In base 13, what is 15 + -186?
-171
In base 10, what is -19 - 59006?
-59025
In base 11, what is -1000564 - -2?
-1000562
In base 14, what is 403b - -199?
41d6
In base 9, what is -1567 + 7800?
6222
In base 3, what is -1020020 - 10000?
-1100020
In base 9, what is -3 + -251745?
-251748
In base 5, what is 3211001 - 0?
3211001
In base 4, what is -11 + 12211110?
12211033
In base 16, what is 3a508 + -3?
3a505
In base 12, what is -5 - -22?
19
In base 4, what is 1202 - 3203?
-2001
In base 16, what is 9c26 - 0?
9c26
In base 10, what is 5 - 14667?
-14662
In base 11, what is 3 + -269843?
-269840
In base 4, what is -112 - -202301312?
202301200
In base 16, what is 1 + 177dc?
177dd
In base 11, what is 3 + 9a51a?
9a522
In base 6, what is -332 + 12?
-320
In base 16, what is -2 - -51ca?
51c8
In base 15, what is 3821a - 1?
38219
In base 15, what is 20 + 258?
278
In base 4, what is -11000032233 + 11?
-11000032222
In base 10, what is 231 + 43?
274
In base 7, what is -30 - -15266?
15236
In base 5, what is 41140 + -4?
41131
In base 10, what is -6 + -2478?
-2484
In base 4, what is 101323132 - 1?
101323131
In base 3, what is 20121210 - -10011?
20201221
In base 15, what is dd3c - 3?
dd39
In base 9, what is -15 + -24866?
-24882
In base 16, what is db40 - 0?
db40
In base 2, what is 1101 - -1011101?
1101010
In base 5, what is 20004300 - 2?
20004243
In base 2, what is 1100000 - 11110101?
-10010101
In base 7, what is 140 - 13605?
-13435
In base 4, what is -110212301 + -113?
-110213020
In base 11, what is -4 + 737845?
737841
In base 7, what is 6065544 + -2?
6065542
In base 4, what is -31122322 + -11?
-31122333
In base 3, what is -211020 + -1210?
-220000
In base 9, what is 123 - 2187?
-2064
In base 2, what is -101 + -1010000100001011101?
-1010000100001100010
In base 8, what is -7 - 74242?
-74251
In base 4, what is -2222012 + 3?
-2222003
In base 12, what is -34 - 11ba3?
-12017
In base 15, what is b6d - 203?
96a
In base 14, what is 658 + 4c9?
b43
In base 3, what is -100 - 1202211122?
-1202211222
In base 15, what is -18a86d + 6?
-18a867
In base 7, what is -4356 + -3?
-4362
In base 16, what is -25a - -20?
-23a
In base 6, what is 0 - -32412?
32412
In base 7, what is -1520563 + 1?
-1520562
In base 6, what is 20503 - -205?
21112
In base 15, what is 1334 - 8?
132b
In base 4, what is 313203 - -1201?
321010
In base 11, what is 124 + 225?
349
In base 7, what is 13 - 6210?
-6164
In base 4, what is 11 + -223023121?
-223023110
In base 15, what is -4ca - 61?
-53b
In base 8, what is 42573 - 2?
42571
In base 16, what is -5 + -d43?
-d48
In base 9, what is 5 - -17173?
17178
In base 2, what is 10110001010000110010 + 101?
10110001010000110111
In base 15, what is -2 + -382?
-384
In base 8, what is -70136 + -1?
-70137
In base 4, what is 1320223 - -2?
1320231
In base 14, what is -2 + d056?
d054
In base 12, what is -141 - 4?
-145
In base 3, what is -101000202 - -2?
-101000200
In base 10, what is -2 - 10101?
-10103
In base 9, what is 500212 - -3?
500215
In base 4, what is 20133021 - 111?
20132310
In base 13, what is -1b2470 + -6?
-1b2476
In base 4, what is 103 - -3331?
10100
In base 9, what is 16 + 14331?
14347
In base 9, what is -160 - -2732?
2562
In base 2, what is 11 - -100000111001010?
100000111001101
In base 8, what is 330054 + 0?
330054
In base 12, what is 3 - -517a4?
517a7
In base 6, what is -223403 - -111?
-223252
In base 2, what is -101100 + 110000110?
101011010
In base 10, what is 1791 + 